hat is 3355520 (base 6) in base 10?
171048
What is -417c6 (base 14) in base 8?
-464402
What is 11011210101212 (base 3) in base 11?
1286aa1
Convert -347742 (base 9) to base 12.
-a100b
-2013503 (base 6) to base 16
-174cf
Convert -2097a1 (base 12) to base 4.
-1331210221
Convert -7166311 (base 10) to base 14.
-d478b5
Convert -34b38 (base 12) to base 15.
-15e68
16533450 (base 7) to base 12
662753
What is 21053010 (base 6) in base 4?
2111310132
4e992 (base 16) to base 10
321938
Convert 240002 (base 14) to base 5.
303314224
Convert -100001101101110101 (base 2) to base 10.
-138101
What is b90c81 (base 13) in base 3?
22011200000212
Convert -10100010100111110011 (base 2) to base 12.
-281583
What is 22220111120 (base 3) in base 8?
526336
10231130 (base 4) to base 5
1104132
What is 2161055 (base 8) in base 15?
b7779
What is -24b9 (base 13) in base 8?
-12146
What is -3332331203 (base 4) in base 5?
-231404243
What is -28117 (base 12) in base 10?
-55459
Convert -100011110110010000 (base 2) to base 14.
-3b720
Convert 2042603 (base 7) to base 9.
414255
What is -1395397 (base 10) in base 6?
-45524101
Convert b7b942 (base 16) to base 9.
24581428
110750 (base 10) to base 8
330236
Convert 1246004 (base 7) to base 3.
22021111102
Convert 4b984 (base 16) to base 3.
120201202000
What is -188a2c6 (base 13) in base 6?
-444255435
Convert 1000010111111011010101 (base 2) to base 16.
217ed5
What is 14401030 (base 6) in base 16?
798ea
Convert -3972942 (base 10) to base 6.
-221053130
What is 8457db (base 14) in base 9?
8364718
Convert 2160002 (base 8) to base 6.
20244430
Convert 66205 (base 13) to base 12.
8abb7
What is 212120101211 (base 4) in base 6?
555350125
101110010000010110 (base 2) to base 6
4021050
Convert -2332a31 (base 13) to base 5.
-10234444204
Convert -102021123001 (base 4) to base 7.
-55302226
What is 2112023110 (base 4) in base 11?
390174
What is 2c2952c (base 13) in base 5?
12112440122
Convert -11112033 (base 6) to base 16.
-520f5
Convert 3613092 (base 10) to base 8.
15620644
146449 (base 10) to base 16
23c11
Convert -55261 (base 7) to base 13.
-6403
Convert -2856dc (base 16) to base 2.
-1010000101011011011100
-216243 (base 10) to base 14
-58b3d
1ca001 (base 13) to base 9
1341533
Convert -3133567 (base 9) to base 8.
-6310674
What is -a5016 (base 11) in base 7?
-1205206
-4875b0 (base 14) to base 3
-11122221111120
51014001 (base 6) to base 15
1d92b7
Convert 354145 (base 6) to base 14.
b2b7
What is 1062688 (base 9) in base 5?
121312311
Convert -24bd69 (base 14) to base 13.
-352636
Convert -1398667 (base 12) to base 7.
-45303004
Convert -260d1 (base 16) to base 12.
-76241
What is -1111077 (base 8) in base 13?
-a648b
Convert 2691b18 (base 12) to base 6.
432023232
What is -10a9ef (base 16) in base 11?
-68654a
Convert 1aa125 (base 11) to base 10.
320919
Convert 17148510 (base 9) to base 14.
11da1d9
398665 (base 11) to base 7
5216100
What is 104115201 (base 7) in base 5?
3100201134
What is 2134200224 (base 5) in base 10?
4600064
-600261 (base 12) to base 4
-11230211221
Convert -81973 (base 11) to base 3.
-20002002200
Convert 1160d0 (base 16) to base 3.
2010212021100
-488837 (base 9) to base 10
-295198
-1741433 (base 8) to base 10
-508699
98e49 (base 15) to base 6
14225140
What is -12223316 (base 7) in base 2?
-100001100001011001110
-101110101100111001010 (base 2) to base 3
-2212202012022
-11011110111000011 (base 2) to base 3
-12210112111
What is -11112030001 (base 4) in base 15?
-1ca451
Convert -2516034 (base 8) to base 11.
-435453
What is -67fdc7 (base 16) in base 15?
-8e94a0
Convert 2330323030 (base 4) to base 13.
2112bb
What is -1c25cb (base 14) in base 11?
-627468
-76b907 (base 14) to base 7
-46142110
Convert -1145401 (base 7) to base 15.
-2d3b7
What is 2102531 (base 7) in base 15?
4eea8
What is -133611216 (base 7) in base 16?
-84a16a
What is -23052335 (base 7) in base 13?
-556283
11011011010101111 (base 2) to base 3
12201001101
123b61 (base 14) to base 16
989e9
81078 (base 13) to base 6
4540240
1764d9 (base 14) to base 3
1112212120000
6a555 (base 13) to base 10
194251
16737 (base 9) to base 15
3641
Convert 3210331013 (base 4) to base 15.
137cee
What is -1986f (base 16) in base 15?
-20ea9
-6038635 (base 9) to base 12
-10b041b
What is 6dbce (base 15) in base 11?
21a1aa
Convert 603563 (base 7) to base 5.
11232121
Convert -1011000101000011 (base 2) to base 15.
-d6a4
What is -2424123232 (base 5) in base 3?
-101201012101120
Convert 6151633 (base 7) to base 8.
2634207
What is -102030201221 (base 4) in base 12?
-1720435
What is -1bbd45 (base 16) in base 2?
-110111011110101000101
Convert 8c1602 (base 13) to base 2.
1100101001101001000001
Convert -15247 (base 13) to base 12.
-1b147
What is 20202222121111 (base 3) in base 2?
1101101111010100101001
Convert -3300211 (base 4) to base 12.
-8ab1
Convert -c546 (base 15) to base 9.
-63163
What is 184225 (base 9) in base 5?
12132023
-110111111000000001 (base 2) to base 4
-313320001
Convert -3716d (base 15) to base 7.
-1331422
-781a6 (base 14) to base 10
-291206
Convert -12012002 (base 3) to base 10.
-3782
Convert -130522004 (base 6) to base 14.
-4a9604
13611461 (base 7) to base 10
1280315
3426893 (base 11) to base 9
12250573
What is 33131221 (base 5) in base 13?
a04b7
What is 110302002 (base 4) in base 13?
2c98b
Convert 135a724 (base 11) to base 8.
10736326
What is -101100111101110100000 (base 2) in base 10?
-1473440
256eee (base 15) to base 11
1016a92
12050150 (base 9) to base 3
102001200011200
-220366436 (base 7) to base 3
-220220212001222
-11402024 (base 5) to base 13
-39635
Convert 20303221300 (base 4) to base 11.
1337637
What is 1a8683 (base 16) in base 2?
110101000011010000011
Convert 11b1c6 (base 13) to base 2.
1100111100110100000
-22226c (base 15) to base 4
-12031102212
11000100011110110100 (base 2) to base 9
1455858
What is -a2671 (base 13) in base 6?
-10123422
813cc (base 14) to base 2
1001011111000111000
-3364 (base 7) to base 10
-1222
11001101001010100000 (base 2) to base 4
3031022200
Convert -213033231321 (base 4) to base 8.
-47175571
What is 101001001100111111110001 (base 2) in base 14?
16123bb
Convert -22132451 (base 6) to base 10.
-665455
What is 446226 (base 13) in base 11?
a01935
-fb5f (base 16) to base 8
-175537
What is 110111110011110110 (base 2) in base 7?
1641316
Convert 3b878 (base 14) to base 10.
147106
What is 414314100 (base 5) in base 14?
328718
Convert 13606075 (base 8) to base 16.
2f0c3d
What is 1010100101011110101 (base 2) in base 3?
122121211000
Convert -24203031 (base 5) to base 3.
-102110011211
-220260 (base 7) to base 8
-113234
Convert 21142120 (base 6) to base 8.
2272700
71ca4 (base 14) to base 9
457053
Convert -12a28e (base 15) to base 11.
-56143a
What is 29a887 (base 11) in base 16?
72514
140244220 (base 5) to base 4
2231323303
101002221010 (base 3) to base 6
4133050
-124317 (base 9) to base 4
-102121102
What is -c7b4 (base 14) in base 8?
-103232
What is -25a19 (base 13) in base 7?
-410361
Convert -4b0ddc (base 15) to base 4.
-31232103003
What is 388c1d (base 16) in base 11?
2101317
254533 (base 7) to base 13
18685
-4c2f0 (base 16) to base 6
-10404400
What is -14367416 (base 9) in base 14?
-d3890c
Convert 99132 (base 16) to base 4.
2121010302
Convert 3e6424 (base 16) to base 8.
17462044
211112022 (base 3) to base 15
4cee
Convert 10110011100000010000010 (base 2) to base 10.
5881986
8702c (base 14) to base 4
1033232300
Convert -217009 (base 14) to base 5.
-242231111
What is 843249 (base 12) in base 15?
2b1089
-1030323010 (base 4) to base 12
-132404
What is -204230243 (base 5) in base 4?
-3033333230
Convert 106232 (base 9) to base 14.
1927c
What is -10452422 (base 7) in base 13?
-258425
-2274ab (base 12) to base 13
-1642bb
1030513534 (base 6) to base 4
221303123002
410ae4 (base 16) to base 6
231210220
Convert -64661 (base 9) to base 4.
-22131013
What is 1010101101001010101000 (base 2) in base 4?
22231022220
Convert -6397759 (base 12) to base 2.
-1000111111101000001110101
What is -133113 (base 10) in base 2?
-100000011111111001
Convert -144b0a6 (base 12) to base 2.
-1111100100111010111110
What is -6a440 (base 11) in base 4?
-120310310
What is -1101120110 (base 3) in base 7?
-142566
What is -20221111101 (base 3) in base 4?
-201113230
74b09 (base 12) to base 13
54c2a
Convert -97bb0 (base 13) to 